[INFO] fetching crate mproxy-server 0.1.6...
[INFO] checking mproxy-server-0.1.6 against master#e6e4f7ed1589e03bc2f6c5931c1a72e7947e8682 for beta-170-4
[INFO] extracting crate mproxy-server 0.1.6 into /workspace/builds/worker-0-tc2/source
[INFO] validating manifest of crates.io crate mproxy-server 0.1.6 on toolchain e6e4f7ed1589e03bc2f6c5931c1a72e7947e8682
[INFO] running `Command { std: CARGO_HOME="/workspace/cargo-home" RUSTUP_HOME="/workspace/rustup-home" "/workspace/cargo-home/bin/cargo" "+e6e4f7ed1589e03bc2f6c5931c1a72e7947e8682" "metadata" "--manifest-path" "Cargo.toml" "--no-deps", kill_on_drop: false }`
[INFO] started tweaking crates.io crate mproxy-server 0.1.6
[INFO] finished tweaking crates.io crate mproxy-server 0.1.6
[INFO] tweaked toml for crates.io crate mproxy-server 0.1.6 written to /workspace/builds/worker-0-tc2/source/Cargo.toml
[INFO] crate crates.io crate mproxy-server 0.1.6 already has a lockfile, it will not be regenerated
[INFO] running `Command { std: CARGO_HOME="/workspace/cargo-home" RUSTUP_HOME="/workspace/rustup-home" "/workspace/cargo-home/bin/cargo" "+e6e4f7ed1589e03bc2f6c5931c1a72e7947e8682" "fetch" "--manifest-path" "Cargo.toml", kill_on_drop: false }`
[INFO] running `Command { std: "docker" "create" "-v" "/var/lib/crater-agent-workspace/builds/worker-0-tc2/target:/opt/rustwide/target:rw,Z" "-v" "/var/lib/crater-agent-workspace/builds/worker-0-tc2/source:/opt/rustwide/workdir:ro,Z" "-v" "/var/lib/crater-agent-workspace/cargo-home:/opt/rustwide/cargo-home:ro,Z" "-v" "/var/lib/crater-agent-workspace/rustup-home:/opt/rustwide/rustup-home:ro,Z" "-e" "SOURCE_DIR=/opt/rustwide/workdir" "-e" "CARGO_TARGET_DIR=/opt/rustwide/target" "-e" "CARGO_HOME=/opt/rustwide/cargo-home" "-e" "RUSTUP_HOME=/opt/rustwide/rustup-home" "-w" "/opt/rustwide/workdir" "-m" "1610612736" "--user" "0:0" "--network" "none" "ghcr.io/rust-lang/crates-build-env/linux@sha256:19e73879b68f455e41552ea35293514db52ea292d993f571636dbffedb77a1ee" "/opt/rustwide/cargo-home/bin/cargo" "+e6e4f7ed1589e03bc2f6c5931c1a72e7947e8682" "metadata" "--no-deps" "--format-version=1", kill_on_drop: false }`
[INFO] [stdout] aaff2b39c9de1b39cf2958c878e4048a84394027c27b2743cf32dcdf8f867a52
[INFO] running `Command { std: "docker" "start" "-a" "aaff2b39c9de1b39cf2958c878e4048a84394027c27b2743cf32dcdf8f867a52", kill_on_drop: false }`
[INFO] running `Command { std: "docker" "inspect" "aaff2b39c9de1b39cf2958c878e4048a84394027c27b2743cf32dcdf8f867a52", kill_on_drop: false }`
[INFO] running `Command { std: "docker" "rm" "-f" "aaff2b39c9de1b39cf2958c878e4048a84394027c27b2743cf32dcdf8f867a52", kill_on_drop: false }`
[INFO] [stdout] aaff2b39c9de1b39cf2958c878e4048a84394027c27b2743cf32dcdf8f867a52
[INFO] running `Command { std: "docker" "create" "-v" "/var/lib/crater-agent-workspace/builds/worker-0-tc2/target:/opt/rustwide/target:rw,Z" "-v" "/var/lib/crater-agent-workspace/builds/worker-0-tc2/source:/opt/rustwide/workdir:ro,Z" "-v" "/var/lib/crater-agent-workspace/cargo-home:/opt/rustwide/cargo-home:ro,Z" "-v" "/var/lib/crater-agent-workspace/rustup-home:/opt/rustwide/rustup-home:ro,Z" "-e" "SOURCE_DIR=/opt/rustwide/workdir" "-e" "CARGO_TARGET_DIR=/opt/rustwide/target" "-e" "CARGO_INCREMENTAL=0" "-e" "RUST_BACKTRACE=full" "-e" "RUSTFLAGS=--cap-lints=forbid" "-e" "RUSTDOCFLAGS=--cap-lints=forbid" "-e" "CARGO_HOME=/opt/rustwide/cargo-home" "-e" "RUSTUP_HOME=/opt/rustwide/rustup-home" "-w" "/opt/rustwide/workdir" "-m" "1610612736" "--user" "0:0" "--network" "none" "ghcr.io/rust-lang/crates-build-env/linux@sha256:19e73879b68f455e41552ea35293514db52ea292d993f571636dbffedb77a1ee" "/opt/rustwide/cargo-home/bin/cargo" "+e6e4f7ed1589e03bc2f6c5931c1a72e7947e8682" "check" "--frozen" "--all" "--all-targets" "--message-format=json", kill_on_drop: false }`
[INFO] [stdout] da14ade08876e8322e735ac1e7f689245e907717c73be1d6e9c87b8ad5e3d4f8
[INFO] running `Command { std: "docker" "start" "-a" "da14ade08876e8322e735ac1e7f689245e907717c73be1d6e9c87b8ad5e3d4f8", kill_on_drop: false }`
[INFO] [stderr]    Compiling libc v0.2.140
[INFO] [stderr]     Checking pico-args v0.5.0
[INFO] [stderr]     Checking socket2 v0.4.9
[INFO] [stderr]     Checking mproxy-socket_dispatch v0.1.6
[INFO] [stderr]     Checking mproxy-server v0.1.6 (/opt/rustwide/workdir)
[INFO] [stdout] error[E0432]: unresolved import `mproxy_client`
[INFO] [stdout]  --> tests/test_server.rs:7:5
[INFO] [stdout]   |
[INFO] [stdout] 7 | use mproxy_client::{client_socket_stream, target_socket_interface};
[INFO] [stdout]   |     ^^^^^^^^^^^^^ use of undeclared crate or module `mproxy_client`
[INFO] [stdout] 
[INFO] [stdout] 
[INFO] [stdout] error[E0432]: unresolved import `testconfig`
[INFO] [stdout]   --> tests/test_server.rs:10:5
[INFO] [stdout]    |
[INFO] [stdout] 10 | use testconfig::{truncate, TESTINGDIR};
[INFO] [stdout]    |     ^^^^^^^^^^ use of undeclared crate or module `testconfig`
[INFO] [stdout] 
[INFO] [stdout] 
[INFO] [stdout] error[E0463]: can't find crate for `client`
[INFO] [stdout]   --> benches/bench_server.rs:14:1
[INFO] [stdout]    |
[INFO] [stdout] 14 | extern crate client;
[INFO] [stdout]    | ^^^^^^^^^^^^^^^^^^^^ can't find crate
[INFO] [stdout] 
[INFO] [stdout] 
[INFO] [stdout] error[E0463]: can't find crate for `testconfig`
[INFO] [stdout]   --> benches/bench_server.rs:17:1
[INFO] [stdout]    |
[INFO] [stdout] 17 | extern crate testconfig;
[INFO] [stdout]    | ^^^^^^^^^^^^^^^^^^^^^^^^ can't find crate
[INFO] [stdout] 
[INFO] [stdout] 
[INFO] [stdout] error[E0432]: unresolved import `server`
[INFO] [stdout]   --> benches/bench_server.rs:20:5
[INFO] [stdout]    |
[INFO] [stdout] 20 | use server::listener;
[INFO] [stdout]    |     ^^^^^^ use of undeclared crate or module `server`
[INFO] [stdout] 
[INFO] [stdout] 
[INFO] [stdout] error: aborting due to 3 previous errors
[INFO] [stdout] 
[INFO] [stdout] 
[INFO] [stdout] Some errors have detailed explanations: E0432, E0463.
[INFO] [stdout] 
[INFO] [stdout] For more information about an error, try `rustc --explain E0432`.
[INFO] [stdout] 
[INFO] [stdout] error: aborting due to 2 previous errors
[INFO] [stdout] 
[INFO] [stdout] 
[INFO] [stdout] For more information about this error, try `rustc --explain E0432`.
[INFO] [stdout] 
[INFO] [stderr] error: could not compile `mproxy-server` (bench "bench_server") due to 4 previous errors
[INFO] [stderr] warning: build failed, waiting for other jobs to finish...
[INFO] [stderr] error: could not compile `mproxy-server` (test "test_server") due to 3 previous errors
[INFO] running `Command { std: "docker" "inspect" "da14ade08876e8322e735ac1e7f689245e907717c73be1d6e9c87b8ad5e3d4f8", kill_on_drop: false }`
[INFO] running `Command { std: "docker" "rm" "-f" "da14ade08876e8322e735ac1e7f689245e907717c73be1d6e9c87b8ad5e3d4f8", kill_on_drop: false }`
[INFO] [stdout] da14ade08876e8322e735ac1e7f689245e907717c73be1d6e9c87b8ad5e3d4f8
